ose 2*w - 738 = -3*w - 2*d, 2*w - d - 288 = 0. What is the remainder when w is divided by 37?
35
Let u = 2 - -2. Let p = u - 1. What is the remainder when 8 is divided by p?
2
Let j = -2 + -48. Let x(p) = p**2 + 3*p - 8. Calculate the remainder when x(-6) is divided by 2/(-6) - j/15.
1
Let d = -37 + 94. What is the remainder when d is divided by 12?
9
Suppose -c = 4*c. Suppose 2*o = -4*u + 122 + 42, 2*u + 4*o - 82 = c. Calculate the remainder when u is divided by 11.
8
Suppose 11*s - 4*s - 329 = 0. Calculate the remainder when s is divided by 26.
21
Let c = 24 + -17. Suppose -d = 2*h + 4, 0*h = -3*h + 2*d + 1. Let r = h + 21. Calculate the remainder when r is divided by c.
6
Suppose -o - 4*j - 11 = -3*j, -4*o + 4*j = 36. Let h = o - -14. Suppose -2*z + 1 + 19 = -2*g, 30 = 2*z - h*g. Calculate the remainder when z is divided by 2.
1
Suppose 3*c + 43 = 2*w, 33 + 26 = -4*c + 3*w. Let b = c - -19. What is the remainder when 14 is divided by b?
6
Suppose 70 = g + 4*g. Calculate the remainder when 53 is divided by g.
11
Let h = 35 + -19. Let o be ((-18)/(-24))/((-3)/(-8)). What is the remainder when h is divided by 2/(-5*o/(-45))?
7
Suppose 4*p = 0, 5*x - 10 = 5*p - 5. Let g(q) = 19*q**3 + 2*q - 1. Suppose -5*w = -10, i - 25 = -4*i + 5*w. Calculate the remainder when g(x) is divided by i.
6
Let o be 1 + 72 + (-12)/(-6). Let t = -41 + o. What is the remainder when t is divided by 9?
7
Let f = 16 - 12. Calculate the remainder when 11 is divided by f.
3
Suppose -p - 148 = -5*p. What is the remainder when p is divided by 8?
5
Let i(y) = 2*y**2 + 9*y + 1. Let p be i(-6). Suppose 25 = 3*h + 4*n, -9*h = -4*h + n - p. What is the remainder when 5 is divided by h?
2
Let j = -26 + 121. What is the remainder when j is divided by 14?
11
Let b(o) = o**3 + o + 13. Let j = 7 - 7. Let z = 39 + -16. What is the remainder when z is divided by b(j)?
10
Suppose -b - 11 = -2*b - 2*j, 0 = -3*j. Let g = 87 - 47. Suppose -i - i = -g. Calculate the remainder when i is divided by b.
9
Suppose 0*q = -5*q + 175. Suppose 0 = p + 5*s - q, -s - 59 = -p - 0*s. What is the remainder when p is divided by (-4)/18 - 346/(-18)?
17
Suppose -s - 4*s = 5*h - 35, -4*h - 80 = -5*s. What is the remainder when 35 is divided by s?
11
Suppose 143 = 4*c - z, 2*c + 3*z - 67 = 2*z. What is the remainder when 102 is divided by c?
32
Let t = 1 + 104. Suppose 5*n = -a + 630, -n + 7*a = 3*a - t. Calculate the remainder when n is divided by 32.
29
Suppose z + 3 - 18 = 0. Calculate the remainder when 71 is divided by z.
11
Suppose 0 = -2*r + 5*w - 2*w + 58, -3*r + 84 = -3*w. Calculate the remainder when 76 is divided by r.
24
Let h be ((-2)/(-4))/(1/112). Let n = h - 37. Suppose v = 2*v - n. Calculate the remainder when v is divided by 11.
8
Suppose -3*d = l + 16, -4 = -2*l + 4*d - 16. Let q = l + 47. What is the remainder when q is divided by 13?
11
Suppose -4*a + 7*a - 12 = 0. Let t(q) = -3*q**3 - 3*q**2 + 1 + a*q**3 - 2*q**3 + 5*q. Calculate the remainder when t(-5) is divided by 14.
12
Suppose 5*s - 22 = 58. What is the remainder when 30 is divided by s?
14
Let i(x) be the third derivative of x**5/30 + x**4/8 + 2*x**2. Suppose -4*h + 72 = -h. What is the remainder when h is divided by i(-3)?
6
Let v(h) = 3*h - 11. Suppose 2*s = -m + 11, 3*m = s - 3*s + 1. What is the remainder when 25 is divided by v(s)?
12
What is the remainder when (-2)/(-5) + (-176)/(-10) is divided by 10?
8
Suppose 2*y - 12 = -2*n, 25 - 2 = 3*n + 2*y. Calculate the remainder when 42 is divided by n.
9
Suppose -t = j - 5, -5*t + 0*t = -25. Suppose u = -j*u + 13. Calculate the remainder when 24 is divided by u.
11
Let t(i) = -2 + i + 4 - 5*i**2 + 6*i**2. Let u be t(4). Let s = u - -10. Calculate the remainder when s is divided by 17.
15
Let w(u) = 2*u**2 + 3*u + 9. Calculate the remainder when w(-7) is divided by 29.
28
Let z(d) = -8*d - 42. Calculate the remainder when z(-8) is divided by 12.
10
Suppose -a = -b - 68, 0 = -4*a + 5*b - 3*b + 282. Let u = -12 + 31. Calculate the remainder when a is divided by u.
16
Let c be (18/15)/(2/5). Let u be 14/c - 6/(-18). Suppose -3*a + 17 = 5*b, 2*a - u = -2*b + 5. Calculate the remainder when 11 is divided by a.
3
Suppose -6*s - 64 = -10*s. Calculate the remainder when s is divided by 8.
0
Suppose -4*n - 96 = -8*n. Suppose 3*y - 6 = -0. Let d(w) = 8*w - 3. Calculate the remainder when n is divided by d(y).
11
Suppose 5*g - 481 = 2*a, -3*a = 4*g - 7*a - 380. What is the remainder when g is divided by 33?
31
Suppose -2*c + 5*c = -4*v + 24, -4*c + 16 = 0. Suppose y + 24 = v*y. What is the remainder when y is divided by 5?
2
Suppose -5*q + 3*q = -5*l - 167, 5*l - 400 = -5*q. Suppose i + 44 = -3*z, -4*z - 16 = -0*z. Let o = i + q. Calculate the remainder when o is divided by 17.
15
Suppose -c + 3*k = -37, -k = -c - 6*k - 3. Let x = c + 11. Calculate the remainder when x is divided by 12.
9
Let v = 13 - 3. Calculate the remainder when 48 is divided by v.
8
Let w(q) = 52*q**3 + 2*q**2 - 2*q + 1. Calculate the remainder when w(1) is divided by 14.
11
What is the remainder when 60/(-24)*16/(-10) is divided by 1?
0
Let k be 0 + (1 - (13 - 1)). Let a = -4 - k. Let q = 0 - -4. What is the remainder when a is divided by q?
3
Let p(a) = -a**2 - 2*a + 5. Let n be p(-5). Let r(l) = l**3 + 10*l**2 - 3*l - 5. Calculate the remainder when 48 is divided by r(n).
23
Let r = -53 + 114. What is the remainder when r is divided by (2/4)/((-2)/(-64))?
13
Let w = 8 + -14. Let a = -22 + 24. Calculate the remainder when w/(-24) - 30/(-8) is divided by a.
0
Let i = -15 + 35. Calculate the remainder when 98 is divided by i.
18
Suppose -2*f - 3*f + i + 101 = 0, 0 = 2*f - 4*i - 44. Let c = -5 + 14. Let x = f - c. What is the remainder when 32 is divided by x?
10
Suppose -2*a + 3 - 1 = -4*v, a + 3*v = 26. What is the remainder when 32 is divided by a?
10
Let z = -107 + 156. What is the remainder when z is divided by 15?
4
Let c(r) = -4*r - 3*r**2 + 2*r - 6 - 3*r + r**3. What is the remainder when c(5) is divided by 3/(115/50 - 2)?
9
Let t(z) = -4*z**3 - 4*z**2 + 9*z - 3. Let y(p) = p**3 - p. Let w(g) = -t(g) - 3*y(g). Calculate the remainder when 29 is divided by w(-5).
5
Let l be ((-60)/(-35))/((-2)/14). Let c(v) = -v**3 - 13*v**2 - 14*v + 2. What is the remainder when 75 is divided by c(l)?
23
Let d be 5/((-15)/6) - -5. Let n(b) = b**3 - 4*b**2 + 5*b - 2. What is the remainder when 11 is divided by n(d)?
3
Calculate the remainder when ((-3)/(-27))/(3/18)*33 is divided by 6.
4
Let q(x) = -2*x**2 - 3*x - 1. Let s be q(-1). Let k = 8 - s. What is the remainder when k is divided by 3?
2
Let j(b) = -b**3 + 7*b**2 - 9*b - 5. Calculate the remainder when 47 is divided by j(4).
5
Suppose 41 = h + v - 26, -4*v - 57 = -h. What is the remainder when h is divided by 22?
21
Suppose -284 - 188 = -4*o. Calculate the remainder when o is divided by 24.
22
Let k(b) = b**3 - 8*b**2 + 18*b - 1. Let v = 3 - 1. Calculate the remainder when k(4) is divided by v.
1
Suppose -m - 4*u = -5, u = -4*m - 13 - 12. Calculate the remainder when (20/30)/((-2)/(-51)) is divided by m*-3*6/21.
5
Suppose 3*m - m = -3*g + 19, -2*m + 1 = -3*g. Suppose -g*a - 7*w = -2*w - 25, 0 = -2*a - 2*w + 22. Calculate the remainder when a is divided by 8.
7
Let o = 49 - 27. Suppose 0*p - p = -o. What is the remainder when p is divided by 12?
10
Suppose -4*w - w + 190 = 0. Let f(x) = -3*x - 17. Calculate the remainder when w is divided by f(-10).
12
Let n = 20 - 6. Let c = 32 - n. Suppose 5*u = 2*u + c. What is the remainder when 10 is divided by u?
4
Suppose -8 = -30*h + 28*h. What is the remainder when 6 is divided by h?
2
Let q(z) = -5*z - 1. Let y be q(-5). Suppose w - 3 = -5, i - y = -w. Calculate the remainder when 51 is divided by i.
25
Let s = 74 - 49. What is the remainder when s is divided by (1 - 1) + (1 - -6)?
4
Suppose -4*x + 5*r - 12 = -48, 4*x - 36 = -3*r. Calculate the remainder when (1/2)/((-2)/(-168)) is divided by x.
6
Let b(x) = -x**2 - 9*x - 7. What is the remainder when 29 is divided by b(-3)?
7
Suppose 22 = 5*j + 2. Suppose 3 + 7 = m + j*z, -44 = -3*m + 2*z. What is the remainder when 40 is divided by m?
12
Suppose -4*a + 7*a = -2*q + 59, 56 = 4*a - 3*q. What is the remainder when 66 is divided by a?
15
Let x(o) = 8*o + 9. Let i(s) = 1. Let j(q) 